{"id":729,"date":"2021-06-30T11:40:37","date_gmt":"2021-06-30T08:40:37","guid":{"rendered":"http:\/\/ozel.law\/tr\/?page_id=729"},"modified":"2021-07-13T12:08:09","modified_gmt":"2021-07-13T09:08:09","slug":"mulkiyet-hukuku","status":"publish","type":"page","link":"https:\/\/ozel.law\/tr\/calisma-alanlari\/mulkiyet-hukuku\/","title":{"rendered":"M\u00fclkiyet Hukuku"},"content":{"rendered":"\t\t<div data-elementor-type=\"wp-page\" data-elementor-id=\"729\" class=\"elementor elementor-729\" data-elementor-post-type=\"page\">\n\t\t\t\t\t\t<section class=\"elementor-section elementor-top-section elementor-element elementor-element-86ac2f2 elementor-section-height-min-height elementor-section-stretched elementor-section-boxed elementor-section-height-default elementor-section-items-middle\" data-id=\"86ac2f2\" data-element_type=\"section\" data-settings=\"{&quot;stretch_section&quot;:&quot;section-stretched&quot;,&quot;background_background&quot;:&quot;classic&quot;}\">\n\t\t\t\t\t\t\t<div class=\"elementor-background-overlay\"><\/div>\n\t\t\t\t\t\t\t<div class=\"elementor-container elementor-column-gap-default\">\n\t\t\t\t\t<div class=\"elementor-column elementor-col-100 elementor-top-column elementor-element elementor-element-60f2ff8\" data-id=\"60f2ff8\" data-element_type=\"column\">\n\t\t\t<div class=\"elementor-widget-wrap elementor-element-populated\">\n\t\t\t\t\t\t<div class=\"elementor-element elementor-element-b41092a elementor-widget elementor-widget-heading\" data-id=\"b41092a\" data-element_type=\"widget\" data-widget_type=\"heading.default\">\n\t\t\t\t<div class=\"elementor-widget-container\">\n\t\t\t<h1 class=\"elementor-heading-title elementor-size-default\">M\u00fclkiyet Hukuku <\/h1>\t\t<\/div>\n\t\t\t\t<\/div>\n\t\t\t\t\t<\/div>\n\t\t<\/div>\n\t\t\t\t\t<\/div>\n\t\t<\/section>\n\t\t\t\t<section class=\"elementor-section elementor-top-section elementor-element elementor-element-295d854 elementor-section-boxed elementor-section-height-default elementor-section-height-default\" data-id=\"295d854\" data-element_type=\"section\">\n\t\t\t\t\t\t<div class=\"elementor-container elementor-column-gap-default\">\n\t\t\t\t\t<div class=\"elementor-column elementor-col-100 elementor-top-column elementor-element elementor-element-0e9c7e3\" data-id=\"0e9c7e3\" data-element_type=\"column\">\n\t\t\t<div class=\"elementor-widget-wrap elementor-element-populated\">\n\t\t\t\t\t\t<div class=\"elementor-element elementor-element-5b42e0f elementor-widget elementor-widget-text-editor\" data-id=\"5b42e0f\" data-element_type=\"widget\" data-widget_type=\"text-editor.default\">\n\t\t\t\t<div class=\"elementor-widget-container\">\n\t\t\t\t\t\t\t<p>\u00d6ZEL, ger\u00e7ek ve t\u00fczel ki\u015fi m\u00fcvekkillerinin m\u00fclkiyet hakk\u0131na ili\u015fkin hukuki s\u00fcre\u00e7lerini de b\u00fcy\u00fck bir \u00f6zenle takip etmektedir. \u00d6ZEL\u2019in m\u00fclkiyet edinimi ve m\u00fclkiyet hakk\u0131na ili\u015fkin davalara dair y\u00fcr\u00fctt\u00fc\u011f\u00fc takip ve dan\u0131\u015fmanl\u0131k s\u00fcre\u00e7leri, \u00f6zg\u00fcrl\u00fc\u011f\u00fcn temeli olarak nitelendirilebilecek olan m\u00fclkiyet hakk\u0131n\u0131n korunmas\u0131 hususunda b\u00fcy\u00fck bir \u00f6nem ta\u015f\u0131maktad\u0131r.<\/p><p>\u00d6ZEL\u2019in m\u00fclkiyet hukukuna dair sa\u011flad\u0131\u011f\u0131 hizmetler yaln\u0131zca dava s\u00fcre\u00e7lerine ili\u015fkin olmay\u0131p, ilgili kamu kurum ve kurulu\u015flar\u0131 nezdinde de m\u00fcvekkillerin temsil edilmesini kapsamaktad\u0131r.<\/p>\t\t\t\t\t\t<\/div>\n\t\t\t\t<\/div>\n\t\t\t\t\t<\/div>\n\t\t<\/div>\n\t\t\t\t\t<\/div>\n\t\t<\/section>\n\t\t\t\t<\/div>\n\t\t","protected":false},"excerpt":{"rendered":"<p>M\u00fclkiyet Hukuku \u00d6ZEL, ger\u00e7ek ve t\u00fczel ki\u015fi m\u00fcvekkillerinin m\u00fclkiyet hakk\u0131na ili\u015fkin hukuki s\u00fcre\u00e7lerini de b\u00fcy\u00fck bir \u00f6zenle takip etmektedir. \u00d6ZEL\u2019in m\u00fclkiyet edinimi ve m\u00fclkiyet hakk\u0131na ili\u015fkin davalara dair y\u00fcr\u00fctt\u00fc\u011f\u00fc takip ve dan\u0131\u015fmanl\u0131k s\u00fcre\u00e7leri, \u00f6zg\u00fcrl\u00fc\u011f\u00fcn temeli olarak nitelendirilebilecek olan m\u00fclkiyet hakk\u0131n\u0131n korunmas\u0131 hususunda b\u00fcy\u00fck bir \u00f6nem ta\u015f\u0131maktad\u0131r. \u00d6ZEL\u2019in m\u00fclkiyet hukukuna dair sa\u011flad\u0131\u011f\u0131 hizmetler yaln\u0131zca dava s\u00fcre\u00e7lerine&hellip;<\/p>\n","protected":false},"author":1,"featured_media":0,"parent":406,"menu_order":0,"comment_status":"closed","ping_status":"closed","template":"","meta":{"footnotes":""},"class_list":["post-729","page","type-page","status-publish","hentry"],"_links":{"self":[{"href":"https:\/\/ozel.law\/tr\/wp-json\/wp\/v2\/pages\/729","targetHints":{"allow":["GET"]}}],"collection":[{"href":"https:\/\/ozel.law\/tr\/wp-json\/wp\/v2\/pages"}],"about":[{"href":"https:\/\/ozel.law\/tr\/wp-json\/wp\/v2\/types\/page"}],"author":[{"embeddable":true,"href":"https:\/\/ozel.law\/tr\/wp-json\/wp\/v2\/users\/1"}],"replies":[{"embeddable":true,"href":"https:\/\/ozel.law\/tr\/wp-json\/wp\/v2\/comments?post=729"}],"version-history":[{"count":0,"href":"https:\/\/ozel.law\/tr\/wp-json\/wp\/v2\/pages\/729\/revisions"}],"up":[{"embeddable":true,"href":"https:\/\/ozel.law\/tr\/wp-json\/wp\/v2\/pages\/406"}],"wp:attachment":[{"href":"https:\/\/ozel.law\/tr\/wp-json\/wp\/v2\/media?parent=729"}],"curies":[{"name":"wp","href":"https:\/\/api.w.org\/{rel}","templated":true}]}}

Mülkiyet Hukuku

<div data-elementor-type="wp-page" data-elementor-id="729" class="elementor elementor-729" data-elementor-post-type="page">
						<section class="elementor-section elementor-top-section elementor-element elementor-element-86ac2f2 elementor-section-height-min-height elementor-section-stretched elementor-section-boxed elementor-section-height-default elementor-section-items-middle" data-id="86ac2f2" data-element_type="section" data-settings="{&quot;stretch_section&quot;:&quot;section-stretched&quot;,&quot;background_background&quot;:&quot;classic&quot;}">
							<div class="elementor-background-overlay"></div>
							<div class="elementor-container elementor-column-gap-default">
					<div class="elementor-column elementor-col-100 elementor-top-column elementor-element elementor-element-60f2ff8" data-id="60f2ff8" data-element_type="column">
			<div class="elementor-widget-wrap elementor-element-populated">
						<div class="elementor-element elementor-element-b41092a elementor-widget elementor-widget-heading" data-id="b41092a" data-element_type="widget" data-widget_type="heading.default">
				<div class="elementor-widget-container">
			<h1 class="elementor-heading-title elementor-size-default">Mülkiyet Hukuku </h1>		</div>
				</div>
					</div>
		</div>
					</div>
		</section>
				<section class="elementor-section elementor-top-section elementor-element elementor-element-295d854 elementor-section-boxed elementor-section-height-default elementor-section-height-default" data-id="295d854" data-element_type="section">
						<div class="elementor-container elementor-column-gap-default">
					<div class="elementor-column elementor-col-100 elementor-top-column elementor-element elementor-element-0e9c7e3" data-id="0e9c7e3" data-element_type="column">
			<div class="elementor-widget-wrap elementor-element-populated">
						<div class="elementor-element elementor-element-5b42e0f elementor-widget elementor-widget-text-editor" data-id="5b42e0f" data-element_type="widget" data-widget_type="text-editor.default">
				<div class="elementor-widget-container">
							<p>ÖZEL, gerçek ve tüzel kişi müvekkillerinin mülkiyet hakkına ilişkin hukuki süreçlerini de büyük bir özenle takip etmektedir. ÖZEL’in mülkiyet edinimi ve mülkiyet hakkına ilişkin davalara dair yürüttüğü takip ve danışmanlık süreçleri, özgürlüğün temeli olarak nitelendirilebilecek olan mülkiyet hakkının korunması hususunda büyük bir önem taşımaktadır.</p><p>ÖZEL’in mülkiyet hukukuna dair sağladığı hizmetler yalnızca dava süreçlerine ilişkin olmayıp, ilgili kamu kurum ve kuruluşları nezdinde de müvekkillerin temsil edilmesini kapsamaktadır.</p>						</div>
				</div>
					</div>
		</div>
					</div>
		</section>
				</div>

<p>Mülkiyet Hukuku ÖZEL, gerçek ve tüzel kişi müvekkillerinin mülkiyet hakkına ilişkin hukuki süreçlerini de büyük bir özenle takip etmektedir. ÖZEL’in mülkiyet edinimi ve mülkiyet hakkına ilişkin davalara dair yürüttüğü takip ve danışmanlık süreçleri, özgürlüğün temeli olarak nitelendirilebilecek olan mülkiyet hakkının korunması hususunda büyük bir önem taşımaktadır. ÖZEL’in mülkiyet hukukuna dair sağladığı hizmetler yalnızca dava süreçlerine&hellip;</p>
